+ 3*f(i). Suppose 468 = -57*m + 167 - 668. What is o(m)?
0
Let n(x) = -182*x**2 - 1 + 181*x**2 + 8 - 1 + 6. Give n(6).
-24
Let y(m) = -m**2 + m + 7. Let c(w) be the third derivative of -w**4/24 - 7*w**3/6 - 295*w**2. Let f(d) = -5*c(d) - 5*y(d). Calculate f(2).
20
Let o(g) be the third derivative of g**6/120 - g**4/24 + g**3/3 + 271*g**2 - 26. Let h = 2 + -2. Give o(h).
2
Suppose -w - 2*x = -15 - 23, 3*w - 122 = 2*x. Let j = 43 - w. Let r be (-32)/(-36)*-3*j. Let g(v) = -v**2 - 9*v. Give g(r).
8
Let s(q) = -1056*q + 357*q - 7 + 348*q - 4 + 354*q - 2*q**2. What is s(4)?
-31
Suppose 0 = 2*a + 5*u - 4*u - 10, -u - 4 = 0. Suppose w = -w - a*w. Let i(x) be the third derivative of x**4/24 - 7*x**3/6 + x**2. Give i(w).
-7
Let f(c) = 1. Let l(j) = -5*j**2 + 3. Let y be (12/(-9))/(1/(-6)). Suppose -19*m = -21*m - y. Let z(s) = m*f(s) + l(s). Determine z(1).
-6
Let n(c) be the third derivative of 9*c**5/20 - c**4/6 - c**3/2 + c**2 - 6*c. Let u be n(-1). Let j = -35 + u. Let a(v) = -v + 3. What is a(j)?
10
Let d(r) be the first derivative of r**3/3 - 2*r - 3735. Let c(g) = -g**3 + 6*g**2 + 6*g + 5. Let o = -6 + 13. Let u be c(o). What is d(u)?
2
Let u(a) = -19 - 18*a + 4*a**2 - 5*a**2 + 7 + 0*a**2 + 6*a. Let l(o) = -o**3 + 19*o**2 - 19*o + 8. Let k be l(18). What is u(k)?
8
Let m(t) be the third derivative of 3*t**4/8 + 18*t**3 - t**2 - 1343*t. What is m(-12)?
0
Let d(w) = 11*w - 4*w - 7*w**2 - 5*w - w**3 - 4. Let s(c) = 2*c**3 + 13*c**2 - 3*c + 6. Let u(i) = -5*d(i) - 3*s(i). Calculate u(-3).
-4
Let z be (2 + 18/(-2))*12/(-42). Suppose -z*a = 3*j - 20, 4*a - 32 = 70*j - 74*j. Let i(c) = c**3 - 3*c**2 + 5. Calculate i(j).
21
Let z be 55/(-2 + -1 + 3 + -1). Let m be z/5 - (0 + -4). Let h(g) = -g**2 - 11*g - 4. Give h(m).
24
Let f(g) be the third derivative of g**8/420 + g**5/120 + 23*g**4/6 - 17*g**2 - 2*g. Let s(y) be the second derivative of f(y). Determine s(-1).
-15
Let r(b) = 381*b - 9. Let h(v) = -384*v + 4. Let z(g) = h(g) + r(g). Let l = -16 - -11. What is z(l)?
10
Let b = 19 - 19. Let c(w) = -11*w**3 - 5*w**2 + 7*w + 1. Let l(i) = -2*i**3 - i**2 + i - 1. Let f(o) = -c(o) + 6*l(o). Calculate f(b).
-7
Let s(u) be the second derivative of -u**4/12 + 11*u**3/6 - 21*u**2/2 - 6543*u. What is s(15)?
-81
Let z(w) = 26*w**3 - 30*w**2 - 379*w + 41. Let v(u) = -u**3 + u**2 + 15*u - 1. Let b(p) = -25*v(p) - z(p). Let g be ((-10)/(-8))/(1/4). Calculate b(g).
4
Suppose 13*j + 4*j = -51. Let o(i) = -4*i**3 + 6*i**2 - 12*i + 1. Let v(n) = 11*n**3 - 18*n**2 + 35*n - 2. Let y(q) = j*v(q) - 8*o(q). Determine y(4).
-6
Let l be 7*(-2 - 12/(-2) - 5). Let h(i) be the first derivative of -i**2/2 - 12*i + 98. Give h(l).
-5
Let n(c) = -c**2 - 21*c - 101. Let x be n(-14). Let t be 7 - 11 - x - 2. Let i(u) = 8*u + 2. Determine i(t).
-22
Let n(s) = -17*s**3 + 2*s**2 - 2*s + 2. Let m(o) = 3*o**3 - 1. Let t(q) = 6*m(q) + n(q). Suppose 2*f + 3*f + 15 = 0. Calculate t(f).
-7
Let f(a) = -4 - 3*a + 11*a - a**2 - 4. Suppose 1989 = 179*v + 378. What is f(v)?
-17
Let y(c) = -18*c - 9*c + 1217701*c**3 - 27*c**2 - 1217702*c**3 - 38. What is y(-26)?
-12
Let m(n) be the third derivative of n**4/12 + n**3/6 - 2*n**2. Suppose -18*v = -13*v - 795. Let o = -163 + v. Calculate m(o).
-7
Let m be (-27)/6 - 2/(-4). Let l(g) = -g**2 - 21*g - 73. Let o be l(m). Let d(k) = 5*k + 5. Calculate d(o).
-20
Let u(i) = 35*i + 237. Let f(l) = 11*l + 75. Let g(p) = -19*f(p) + 6*u(p). Determine g(-1).
-4
Let q(r) = 2*r + r**3 - r**2 - 7*r**2 - 8*r**2 + 12 + 18*r**2 - 10*r**2. What is q(8)?
28
Let j(m) be the third derivative of -3*m**2 - 1/6*m**4 + 0*m + 0 + 0*m**3. Let l(u) = 2*u**3 - 29*u - 29. Let n be l(-1). Calculate j(n).
8
Suppose -67*t + 46*t = -84. Suppose 11 = -s + 5*n, s = -t*n + 7*n - 5. Let z(d) = 4*d + 3*d**2 - 2 + 1 + d - d**3. Determine z(s).
3
Let h(f) be the third derivative of -1/30*f**5 - 210*f**2 - 1/6*f**4 - 1/2*f**3 + 0*f + 0. Give h(-2).
-3
Let i = -12579 + 12592. Let g(o) be the first derivative of -4*o - 1/2*o**2 + i. Determine g(5).
-9
Suppose 5*v = 15, -81 = -3*o - 4*v - 0*v. Let t = -21 + o. Let k(d) = -3*d + 11*d**3 - 3 + 3 - 10*d**3 + t*d**2 - 1. What is k(-2)?
5
Let d(p) be the first derivative of -p**2/2 - 6*p - 2. Suppose 4*u + 3 = 11. Let y be (-4 + 3 - -1)/(6/u). Determine d(y).
-6
Let k(h) = h**2 + 7*h + 4. Let t(x) = -x - 5. Let w(j) = k(j) + 4*t(j). What is w(-5)?
-6
Let f be (-15 - -16)/(((-21)/(-18))/7). Suppose 0 = g - o + f, -4*g - 2*o - 8 = -2*g. Let h(y) = -y - 7. Determine h(g).
-2
Let p(n) = -n**2 + n - 1. Let o be 17/((-119)/(-2298)) - (-4)/(-14). Let h = -330 + o. Give p(h).
-7
Let g(o) be the third derivative of -o**5/10 + o**3/6 - 1136*o**2. Let v be (-9)/(-7) + 2/(-7). Give g(v).
-5
Let d(t) = -107*t**2 - 78*t - 97. Let w(m) = 63*m**2 + 47*m + 58. Let z(i) = -10*d(i) - 17*w(i). Let j be (-1)/(110/36 - 3). Determine z(j).
2
Let m(q) be the second derivative of 1/6*q**3 + 0 - 25*q - 5/2*q**2. Calculate m(6).
1
Let g(z) = -z**3 - 5*z**2 - 5*z + 3. Let m = -1989 + 1985. Determine g(m).
7
Let g(v) = -v + 12. Suppose 0 = 8*s + 13 - 13. Suppose 4*z - a - 17 = 2*z, s = z + 2*a - 11. Calculate g(z).
3
Suppose a - 3 = 0, 2*a - 7*a + 15 = -5*u. Let s(g) = -2*g**2 - 2*g + 49. Calculate s(u).
49
Let u(x) be the third derivative of x**5/12 - 13*x**4/24 + 49*x**3/6 + 208*x**2 - x - 7. Determine u(3).
55
Let k(m) = -9*m**2 - 12*m + 17. Let t(y) = 7*y**2 + 8*y - 15. Let h(d) = 4*k(d) + 5*t(d). Determine h(-2).
5
Let u(i) = 10*i - 2. Let n(c) = -2*c**3 - 69*c**2 + 36*c + 32. Let d = 79 + -114. Let b be n(d). What is u(b)?
-32
Let w(q) = 10*q - 37. Let n be w(4). Let g(o) = n*o**2 + 26*o**3 - 2*o - 5*o**2 - 8*o**3 - 1 - 14*o**3. Determine g(-1).
-5
Let u(s) be the first derivative of -5*s**2 - 1/6*s**4 + 0*s + 1/60*s**5 - 1/2*s**3 + 19. Let d(y) be the second derivative of u(y). Determine d(5).
2
Suppose 22 = -9*d + 103. Let n(y) = -5*y**2 - 17 - d - 3*y - y**3 - 17 + 44. Let p be (-2)/(-4) - (-18)/(-4). Calculate n(p).
-3
Let h = 51 + -47. Let k(g) = -g**2 + 3*g - 1. Let v be k(h). Let i(z) = -2*z**2 - 8*z - 7. Determine i(v).
-17
Let z(k) = k - 20. Let l(a) = -a**2 + 16*a - 70. Let b be l(8). Let o(n) = -66*n - 381. Let g be o(b). What is z(g)?
-5
Let y(z) = z + 13. Let a be (-660)/(-440)*16/(-3). Determine y(a).
5
Suppose n + 21 = -5*h, -5*h + 6*h + 13 = -n. Let g(i) = -i - 3. Determine g(n).
8
Let z(o) = -o**3 - 28*o**2 + 94*o + 28. Suppose 0 = 7*w - 14*w - 217. Let c be z(w). Let d(y) = -y**3 - y**2 + 4*y + 4. Give d(c).
10
Let o(g) be the second derivative of -7*g**4/12 + 3*g**3 - 9*g**2 + 3915*g. Calculate o(1).
-7
Let h be (22/(-12) + 1)*-12. Let k(b) = 2*b + 2. Determine k(h).
22
Let a(d) = -d**2 - d + 22. Let c = 6980 - 6985. Give a(c).
2
Let t(l) be the second derivative of 13*l + 1/6*l**4 - 3 - 2/3*l**3 + 0*l**2. What is t(4)?
16
Suppose 635*t - 4*i = 638*t, -t + 3*i + 13 = 0. Let o(a) = -a**3 + 6*a**2 - 6*a - 6. Calculate o(t).
2
Let f(k) = 8*k**2 + 80*k + 5. Let i(l) = 15*l**2 + 160*l + 10. Let d(r) = 7*f(r) - 4*i(r). Let q be d(-20). Let g(c) = -c**3 - 5*c**2 + 4. Give g(q).
4
Suppose 2*k + 4*j = 40, 3*k + j = 2 + 38. Suppose 9*b - k*b = -6. Let t(p) be the second derivative of -3*p**5/20 + p**4/4 + p - 123. Determine t(b).
-12
Suppose -m = 5*z - 13, 8 = m - 4*z - 5. Let g(h) be the first derivative of -h**4/4 + 14*h**3/3 - 6*h**2 - 8*h + 7940. Determine g(m).
5
Let f(l) be the first derivative of 1/3*l**3 - 2*l - 3*l**2 + 15. Give f(7).
5
Let g(w) = -35 + w**2 - 76 + 95 - 12*w. Give g(14).
12
Let t = -18 + 23. Suppose 5*h = t*j - 65, 3*j - 2*h = -0*h + 37. Suppose -3*d - s + 13 = 0, d = -4*s + j - 3. Let k(m) = -m**2 + 6*m - 2. What is k(d)?
6
Let z be 7 + 5 - (-3 + 7). Let x(q) = 3*q**3 - 38*q**2 - 7*q - 1. Let h(g) = g**3 - 13*g**2 - 2*g - 1. Let p(l) = 17*h(l) - 6*x(l). What is p(z)?
-11
Let d(p) = p**2 - 8*p + 2*p + 0*p - 4 + 2*p. Let i be d(5). Let h(w) be the third derivative of -w**4/8 - 26*w**2. Give h(i).
-3
Let x(j) = 11*j + 215. Let s(r) = -3*r - 55. Let k(h) = 9*s(h) + 2*x(h). Determine k(-12).
-5
Let s(j) = j**3 - 26*j**2 + j - 26. Let u be s(26). Let z(t) = -t**2 - 2*t + 13. What is z(u)?
13
Let d(h) = -h**2 - 14*h - 15. Let y be d(-12). Let w(z) = -3 - 8*z + z + y*z - 3*z. Let a be (5 + -4 + -1)/2. Determine w(a).
-3
Let g(w) = w**3 - 21*w*